20 (base 6) to base 11
-1728
Convert 101122 (base 3) to base 7.
560
Convert 569 (base 12) to base 2.
1100100001
What is -104220 (base 8) in base 10?
-34960
What is 30a (base 13) in base 15?
247
Convert -142554 (base 6) to base 2.
-11010100100110
Convert -54665 (base 10) to base 11.
-38086
What is 1db (base 14) in base 8?
605
What is -451 (base 13) in base 3?
-1000111
What is 4402 (base 9) in base 6?
23002
-747 (base 9) to base 3
-211121
What is 177 (base 15) in base 9?
414
Convert 8110 (base 9) to base 10.
5922
What is aa3 (base 14) in base 12?
1273
-3a06 (base 11) to base 6
-40041
7b (base 16) to base 4
1323
467 (base 8) to base 14
183
288 (base 11) to base 10
338
What is 2218 (base 13) in base 2?
1001010010001
124466 (base 7) to base 13
a757
8620 (base 9) to base 4
1203000
-b444 (base 14) to base 12
-15b58
Convert 2312 (base 13) to base 6.
34432
Convert -109 (base 11) to base 9.
-154
Convert 8da (base 16) to base 2.
100011011010
What is 5601 (base 7) in base 4?
133122
-1a7e (base 15) to base 16
-1670
3fd (base 16) to base 13
607
What is 1201100 (base 3) in base 15?
586
4111 (base 5) to base 8
1023
What is 7784 (base 13) in base 9?
24772
Convert 1226 (base 11) to base 12.
b15
What is 3922 (base 10) in base 2?
111101010010
Convert 300233 (base 4) to base 8.
6057
402 (base 13) to base 9
833
Convert -1313 (base 4) to base 11.
-a9
-503 (base 6) to base 4
-2313
What is 355144 (base 7) in base 16?
fade
Convert -3b5 (base 12) to base 15.
-27e
Convert 2650 (base 8) to base 7.
4136
Convert 11021301 (base 4) to base 12.
10269
Convert 11110001 (base 2) to base 11.
1aa
Convert b24 (base 16) to base 3.
10220122
Convert 7661 (base 9) to base 10.
5644
-10201 (base 4) to base 13
-193
Convert 34114 (base 6) to base 15.
164d
620 (base 15) to base 4
111210
What is -26b (base 15) in base 2?
-1000100111
Convert -2d9 (base 14) to base 5.
-4313
What is -37771 (base 8) in base 16?
-3ff9
-143 (base 11) to base 15
-b3
What is -23201300 (base 4) in base 10?
-47216
Convert -3cc8 (base 15) to base 16.
-32d5
15a61 (base 13) to base 4
22011203
Convert -304a (base 12) to base 16.
-147a
Convert 9aa9 (base 12) to base 3.
212111010
-185 (base 10) to base 2
-10111001
Convert -c9ad (base 16) to base 3.
-2121211012
What is 8080 (base 9) in base 4?
1130100
Convert 72b1 (base 16) to base 11.
20072
Convert -132321 (base 4) to base 14.
-a13
What is -2022022 (base 3) in base 11?
-129a
-1000101101010 (base 2) to base 5
-120313
What is -82412 (base 9) in base 16?
-d409
243 (base 13) to base 12
289
-156 (base 7) to base 5
-330
Convert -154342 (base 6) to base 4.
-3232112
Convert 24531 (base 12) to base 3.
2111102001
-8173 (base 12) to base 5
-422210
Convert 753 (base 11) to base 9.
1215
What is -303250 (base 6) in base 5?
-1232303
2902 (base 10) to base 5
43102
What is 28200 (base 9) in base 6?
224300
Convert 5a9 (base 11) to base 3.
222211
240 (base 5) to base 3
2121
What is 11200120 (base 4) in base 11?
15a42
Convert -1001100000011110 (base 2) to base 10.
-38942
What is -4032 (base 5) in base 2?
-1000000101
What is 172 (base 16) in base 5?
2440
Convert 24057 (base 9) to base 5.
1003330
What is 682 (base 12) in base 9?
1278
Convert -c4 (base 14) to base 8.
-254
What is 3421 (base 7) in base 13?
745
Convert -2411 (base 6) to base 12.
-407
What is 74 (base 15) in base 5?
414
What is -50 (base 8) in base 7?
-55
-a0 (base 15) to base 10
-150
-2969 (base 12) to base 13
-227a
What is -3bf (base 16) in base 3?
-1022112
Convert -e2e (base 15) to base 16.
-c7a
-77 (base 11) to base 7
-150
-1211 (base 7) to base 10
-449
What is -796 (base 10) in base 7?
-2215
8aa (base 12) to base 14
678
What is -1014140 (base 5) in base 3?
-212001001
1554 (base 6) to base 8
656
What is -4a0 (base 11) in base 9?
-730
4259 (base 12) to base 15
2249
What is 21100 (base 3) in base 15?
d3
50773 (base 8) to base 15
6342
Convert -3572 (base 9) to base 10.
-2657
2525 (base 6) to base 5
10004
Convert -9751 (base 11) to base 13.
-5b2c
What is 2725 (base 10) in base 7?
10642
Convert a4 (base 13) to base 4.
2012
What is -12144 (base 5) in base 8?
-1634
What is -28 (base 12) in base 15?
-22
-424344 (base 5) to base 2
-11100000001101
Convert -652 (base 7) to base 9.
-407
Convert 121422 (base 5) to base 16.
1204
Convert -178 (base 16) to base 2.
-101111000
Convert -10101102 (base 3) to base 10.
-2468
-25516 (base 7) to base 13
-3112
Convert 1829 (base 11) to base 9.
3168
3988 (base 11) to base 16
143a
What is -b32 (base 15) in base 3?
-10110102
What is -3101 (base 10) in base 11?
-236a
Convert 52760 (base 9) to base 14.
c9da
1001020 (base 3) to base 7
2136
-2107 (base 9) to base 4
-120022
3210120 (base 4) to base 9
22040
What is 21344 (base 6) in base 16?
b80
Convert 1101001111 (base 2) to base 8.
1517
2211122 (base 4) to base 5
314321
Convert 2d5 (base 16) to base 5.
10400
244231 (base 5) to base 7
36106
Convert -1013 (base 7) to base 16.
-161
Convert -330221 (base 5) to base 10.
-11311
-100010011001 (base 2) to base 14
-b33
What is 46a (base 15) in base 8?
1750
Convert -3c0 (base 13) to base 3.
-220120
-1142 (base 11) to base 9
-2044
-15aa (base 15) to base 11
-3557
Convert -101211 (base 4) to base 2.
-10001100101
-3 (base 12) to base 13
-3
Convert 30222 (base 4) to base 16.
32a
Convert -105 (base 13) to base 10.
-174
638 (base 12) to base 10
908
What is -1648 (base 9) in base 15?
-58e
773 (base 9) to base 11
526
Convert -10101011110100 (base 2) to base 13.
-500b
515 (base 11) to base 6
2513
What is -10102002 (base 3) in base 9?
-3362
What is b258 (base 15) in base 12?
19962
Convert -1001 (base 2) to base 5.
-14
What is -13b5 (base 12) in base 16?
-8f9
1ec (base 15) to base 3
121120
Convert 11545 (base 7) to base 4.
233032
What is 5531 (base 9) in base 11?
3078
1450 (base 7) to base 4
20332
What is -54a (base 14) in base 6?
-4502
Convert 715 (base 15) to base 11.
1220
Convert -1c88 (base 15) to base 10.
-6203
-1ab (base 15) to base 9
-468
What is 99b (base 13) in base 14?
85b
What is 370 (base 15) in base 5?
11110
What is 10890 (base 13) in base 2?
111010101001110
What is 4bb (base 12) in base 7?
2045
4b7 (base 13) to base 15
3a1
Convert 2118 (base 10) to base 6.
13450
What is -74374 (base 8) in base 13?
-11136
-20302 (base 4) to base 11
-471
What is d8a (base 15) in base 16?
bef
-30595 (base 11) to base 12
-219b4
-124332 (base 9) to base 14
-1d66b
What is -1001010010000 (base 2) in base 15?
-161c
What is 4290 (base 10) in base 6?
31510
Convert -11111110111 (base 2) to base 6.
-13235
What is -172a (base 15) in base 10?
-4990
Convert -1597 (base 13) to base 10.
-3166
What is -11324 (base 8) in base 3?
-20121112
What is -5752 (base 8) in base 13?
-1508
Convert -15 (base 9) to base 8.
-16
-32d (base 15) to base 10
-718
Convert 20113 (base 4) to base 5.
4120
What is -187 (base 13) in base 12?
-1b4
-20011000 (base 3) to base 10
-4482
What is -20110211 (base 3) in base 10?
-4720
1dd8 (base 15) to base 11
4982
-6581 (base 10) to base 12
-3985
Convert 22172 (base 10) to base 2.
101011010011100
Convert 1455 (base 9) to base 12.
77b
What is -4 (base 16) in base 13?
-4
Convert -4779 (base 11) to base 16.
-1871
Convert 1001100010 (base 2) to base 13.
37c
-32303012 (base 4) to base 11
-415a4
Convert 237 (base 15) to base 9.
617
Convert 11323 (base 4) to base 6.
1431
Convert 1a5 (base 16) to base 12.
2b1
Convert -20222112 (base 3) to base 12.
-2b42
1223 (base 4) to base 16
6b
-212133 (base 4) to base 9
-3336
What is 113134 (base 5) in base 6?
31145
What is -8184 (base 12) in base 16?
-36f4
-10405 (base 9) to base 2
-1101011101010
Convert -80434 (base 9) to base 2.
-1100111001101011
71 (base 12) to base 6
221
What is -d7a (base 16) in base 13?
-1755
What is -30125 (base 10) in base 15?
-8dd5
-26c (base 14) to base 3
-200002
What is -16272 (base 8) in base 13?
-3469
Convert -17ed (base 16) to base 12.
-3665
What is -4227 (base 12) in base 10?
-7231
What is 111011111 (base 2) in base 15?
21e
Convert -1743 (base 13) to base 5.
-102220
What is -100ac (base 15) in base 11?
-35180
4278 (base 16) to base 3
212100020
246 (base 12) to base 3
110200
6460 (base 10) to base 11
4943
Convert 222515 (base 7) to base 13.
14bb8
310445 (base 6) to base 10
24797
What is -2622 (base 10) in base 15?
-b9c
What is 4b8a (base 15) in base 13?
743b
What is -35